 + 545 + -589 - 34?
-41
1 + 10 + 24972 + -25034
-51
What is (5 + -4 + -5 - -14) + (-40 - 14) + 6?
-38
-5 + 1 + -40 + (-7 - -4) - (-72 + 70)
-45
Evaluate 4 + 32 + -13 + -17 - 32.
-26
What is the value of (14 + 8 - 33) + -7 + 0 + -4?
-22
Calculate (-8 + -20 + 14 + -8 - -14) + 55.
47
-6 + (9 - (-10 - (-57 + -1 + 14)))
-31
What is 45 - 19 - (-18 + -14)?
58
(0 - 15) + (-3 - (-19 + 26) - -18)
-7
Calculate (0 - -11) + 2 + -13 + 30 + (-27 - -18).
21
What is -39 + 34 + -21 + -6?
-32
What is the value of -66 + -1 - (237 - 288)?
-16
(-146 - -69) + 18 + 28
-31
Evaluate -305 + 247 - (21 + 42).
-121
What is the value of -4 - (-15 + (-9 + 6 - 9)) - -3?
26
(-3 - -6) + (-35 - 16) + (5 - 1)
-44
Calculate -360 - -341 - (1 - 3) - -23.
6
What is the value of 16 + 22 + 28 + -21 + (2 - (-12 + 2))?
57
Evaluate 9 + (25 + -8 - 31).
-5
Calculate -3 + (1 - -3) + -6 + -86 + 125 + 26.
60
Calculate -2 + (-4 - -8 - 107) + -1857 + 1866.
-96
76 + (-10 - (78 + -46))
34
What is the value of 129 + 128 + -273 - -67?
51
Evaluate (-54 - -122) + (126 - 158).
36
What is -34 - -1 - 15 - (-3 + -4)?
-41
Evaluate 14 - (-4 - 1 - (40 - (2 + 29))).
28
Calculate 75 - (46 + -20 + -4 - 17).
70
What is the value of (-40 - -29 - -33) + 5?
27
Evaluate -60 - (-83 - -21 - -49).
-47
What is the value of (13 - 15) + (-1 - -6) + 17 + (0 - -1)?
21
What is (-6 - 10 - (-7 + -25)) + (3 - -1)?
20
What is the value of -33 - (19 + 26) - (2 + -4)?
-76
What is 6 - 4 - (-57 + 52) - 53?
-46
What is -2 + 66 + 3 + 8 + (-8 + -14 - -15)?
68
Evaluate -58 + -119 + -53 + 261.
31
Calculate -17 - 134 - (-2 - (-6 + -1 - (37 - 43))).
-150
Calculate (23 + -3 - 17 - 21) + 1.
-17
Evaluate 58 + -60 + 0 - -5.
3
Calculate -19 + (-18 + 15 - 4) + 3.
-23
Evaluate 1 - 0 - 3 - (-70 - -74) - (-412 + 321).
85
Evaluate (92 - 87) + 4 + 1 + -45.
-35
What is 190 + -110 + (-27 + 15 - 9)?
59
Evaluate (8 + -8 - (-2 + -1) - 62) + 4.
-55
What is the value of (1182 - 1230) + (11 - -1)?
-36
Calculate -17 + 3 + (-4 - 4 - (76 - 76)).
-22
Evaluate 17 + 0 + -157 + (190 - -26).
76
-27 + -4 - ((9 - 5) + (-7 - -9))
-37
Calculate (84 - 3) + (-19 - (-24 - -3 - 17) - 32).
68
20 - ((-15 - 42) + 13)
64
What is the value of 32 + 0 + (23 - -2)?
57
What is the value of -152 - (-135 - -152) - -121?
-48
What is 7686 + -7701 + (51 - (2 - 4))?
38
-53 + (2 + -4 - (-6 + 11 + -27))
-33
What is (-24 - 8) + (34 - (10 - -18))?
-26
Evaluate -50989 - -50955 - (2 + 31 + 1).
-68
Calculate -32 - 1 - (1 - (0 - -1) - (-12 + 15)).
-30
Evaluate 20 + (18 - 27) - 6 - -41.
46
What is (-1197 + 1155 - (-2 - 39)) + (6 - 0)?
5
Evaluate (-6 - 6) + (0 + 13 - (85 + -56)).
-28
30 + (3 - (-10 - -57 - 21))
7
What is 12 + ((30 - 70) + 32 - -16)?
20
What is the value of (45 - 112) + (13 - -1) + 9?
-44
Calculate 517 + -515 + 1 + -107 + (0 - 7).
-111
Evaluate 34 + 21 + (-2 + -6 - -13) + -15 + 10.
55
-3 + -59 + 108 + (13 - -1)
60
4 + -20 - -18 - (4 + -6 + 2)
2
-13 + -6 - (-30 - (-37 + 30))
4
What is 5 + -10 + (-48 - (21 + -83))?
9
Evaluate -14 - (-49 + 48 + -30).
17
Calculate 3 - (19 - (-11 - -33)) - 11 - 74.
-79
What is the value of (7 - 45) + (53 - 59) + 6?
-38
Evaluate -250 + 285 + (-18 - 1) + -58.
-42
Evaluate -1 + (11 - 2) + (11 - 13) - (-60 + 67).
-1
What is the value of (-91 - -54) + (-3 + -2 - (-13 + -3))?
-26
Evaluate -11 + -22 - -68 - (1 + -8) - -1.
43
What is the value of (-23 - -94) + -84 + 62?
49
What is the value of 59 - 0 - (2657 + -2621)?
23
-11 + 1 - (-1517 - -1535)
-28
What is 0 + (16 - (-2 + 1 + 12) - -38) - 5?
38
What is the value of (-3858 - -3918) + -41 + 1?
20
Calculate 233 + 129 + -217 + -97.
48
Evaluate -29 + (20 - -60) + -12.
39
Calculate 116 - (921 - 919 - (1 - 18)).
97
Calculate 10 + (40 - (13 + 23)) + -2 + -9.
3
133 - (-158 + 297) - -123
117
50 + -36 - (-12 - (-14 + 1) - -72)
-59
5 + (-11 - 3 - -87 - (13 + 7 - 10))
68
32 + 1 + -11 + (-4 - (-1 + -4))
23
What is 105 - ((-32 + 20 - -53) + -33)?
97
What is -35 - (41 + -16 + -38 + -13)?
-9
What is the value of 158 - 127 - 33 - -28?
26
Calculate -3 + (-5 - -35) - ((4 - (5 - -13)) + 7).
34
Evaluate (-103 - (15 - (-1 + 11 + 15))) + 1.
-92
What is the value of 0 - (16 + -8) - (-18 + 52)?
-42
What is 62 + (-49 - -39) + -79?
-27
What is the value of ((2 - 27) + -1 - -34) + (1 - 37)?
-28
What is the value of -13 - ((71 - 60) + (-6 - (-6 + 71 + -3)))?
44
(107 - 91) + (-2 + -1 - 7) - (1 - 45)
50
What is the value of 74 + (0 - 45) + -492 + 517?
54
(-14 + -10 - -30) + 25
31
Evaluate (-4 - -105) + (192 - 204) + -9 + -8.
72
What is 59 + (2 - -10 - (-28 + 64 + -33)) + -21?
47
What is -2 + 3 + -15 + 7 + -41?
-48
What is (59 + -19 + -32 - (-1 + 96 + 0)) + -4?
-91
What is the value of (-13 - (31 + -82)) + 2?
40
Calculate -15 + (11 - 22) + -75 + 43.
-58
Calculate -21 + (-10 - (-4 + -108)) + -1 + -6.
74
What is (-8 + 8 + 5 - 40) + 10 + (-17 - -1)?
-41
What is 44 + 2912 + -2956 + 58 + 0?
58
What is the value of 26 + 66 - -46 - 89?
49
Calculate 21 + (20 - 9) + (-10 + 5 - -9).
36
Calculate (21 - (-28 - -16)) + -35 + (-45 - (-1 + 1)).
-47
What is -21 - -12 - (0 - 6 - (11 - (-4 - -3)))?
9
(-100 + 46 - 3) + 114
57
What is the value of -2 + (-110 - 1) + (-24 - -7) + 4 - -10?
-116
Calculate -21 - ((2 - 7) + 29 + (-62 - -38)).
-21
What is the value of (-18 - (-8 + 1 + 1)) + -24?
-36
What is the value of 28 - (-2 - -4) - (-13298 + 13384)?
-60
What is (21 - (-9 + 27)) + -15?
-12
What is (1 + -6 + -3 - 6) + 29 + -35?
-20
What is (-51 + 34 - -7) + 3 + 0 - (2 + 42)?
-51
Evaluate -2534 + 2405 + 84 + -2.
-47
What is (30 - 19 - -39) + 10 + 1 - 13?
48
What is the value of -26 + -108 + 0 - (0 - 4)?
-130
Evaluate 8 - (77 + (-10 - (9 - (10 + 3)))).
-63
Calculate 8 + -1 + 32 + (-7 - (-16 + 1 + 15)).
32
What is 4 + 4 + -1 + -3 + (573 - 574) - 63?
-60
Evaluate (-13 + 5 - -18) + -14 + 2 + (2 - -89).
89
Evaluate 14 + 17 + -8 + (-56 - -53) + 4 + -1.
23
What is the value of 55 - 13 - (141 - 70)?
-29
(-4 - -2) + (-16 - -20) + 33
35
What is the value of -16 - -25 - (3 - 17) - (-2 - 13 - -4)?
34
Calculate 0 + -3 - (123 - 63) - 24.
-87
What is ((11 - 0) + 1 + 14 - (16 + -1)) + 63?
74
Calculate -14 - -157 - (706 - 473).
-90
Evaluate -19 + 11 - (-719 - -731).
-20
(31 - (-21 + 63)) + (1 - -10) - 64
-64
What is the value of (-1 - -8) + -21 + (-8 - -26) + 21?
25
What is -1 + -1 + 17 + 2 + (-19 + 40 - 16)?
22
What is the value of (-7 + 1 - (-2 - 0)) + -10 - 0?
-14
Evaluate 164 + -197 + 164 + -65.
66
What is the value of -10 + (58 - (63 + -105))?
90
Evaluate (-37 - (-21 + -17)) + (22 - 15).
8
What is -51 - -66 - (2 - (-2 - 1))?
10
Calculate 43 - (20 + -9 + -8 + 19).
21
What is -132 + (113 - -13) + -134?
-140
-2 + -63 + (-346 - -348)
-63
Evaluate (45 - (69 - 36) - 20) + (-5 - -2 - -1).
-10
What is the value of (5 - -9) + -2 + (-5 + -7 - 58)?
-58
What is -28 + (-20 - (-20 + (64 - 22) + -20))?
-50
Calculate 0 + -14 - (21 + (-42 - -16)) - 12.
-21
Calculate -46 - ((-120 - -50) + 8).
16
Evaluate (-230 - (160 + -365)) + (-1 - -91).
65
Evaluate 3 + (0 - 0 - (-12 - (13 + -57 + 41))).
12
Evaluate 12 + -19 + 45 - (-10 + 6 + -13).
55
What is the value of -10 - -2 - -159 - 69?
82
What is the value of 73 + (-49 - -17) + -3?
38
Calculate -52 + (65 - -53 - 60).
6
What is (-18 - 1 - -7) + (-2 - -19) + -49?
-44
Evaluate (-13 - (-19 - (59 + -42))) + -2 + -7.
14
What is -3 - -80 - (-644 - -658)?
63
What is (-34 - -59) + (-10 + 2 - ((-4 - -4) + 2))?
15
What is the value of -59 + (4 + -1 - -1) + -118 + 112?
-61
What is 45 + (13 - (-8 + 18)) + 15 + (-13 - 3)?
47
Calculate 0 - 2 - -13 - (72 + -39 - 28) - -78.
84
34 - (2793 + -2766 + (1 - -47))
-41
Calculate -7 - (-13 + 8 + (-6 - 0)) - (19 - -6).
-21
Calculate (-154 - -143) + 1 + -11 - (3 + 2).
-26
What is -4 - -3 - 91 - 8?
-100
Evaluate 51 + (20 + -2 - (244 + -237)).
62
What is 6 + 13 + (-11 - 9) - (-4 - -3)?
0
Evaluate 25 + (14 - 56) - (-2 - 0 - -5).
-20
Calculate 79 - 41 - (15 - -2).
21
What is -8 - 2 - ((118 - (50 + -9)) + -22)?
-65
What is 4 + 32 + -4 - (164 - 153)?
21
Evaluate 17 + (-1 - -1 - (14 - (-6 - (25 + -48)))).
20
Evaluate -27 + -23 + 70 + -27 - (1 + -17).
9
-41 + 58 - (7 - (-5 + 3)) - (1 - 1)
8
55 + -74 - (-15 - 74)
70
-43 + (54 - (75 + -46))
-18
(619 - 612) + (29 - 1)
35
What is -76 - (118 + 24 - 159)?
-59
What is -26 + (44 + -131 - -96)?
-17
-27 + 13 + 3 + 5 - -14 - (74 - -3)
-69
Evaluate (26 - 7 - 11) + (4 - -4 - 16 - 1).
-1
Evaluate